{"id":1104,"date":"2025-01-09T11:12:05","date_gmt":"2025-01-09T11:12:05","guid":{"rendered":"https:\/\/agnesperrais.com\/?page_id=1104"},"modified":"2025-01-09T11:12:05","modified_gmt":"2025-01-09T11:12:05","slug":"floresta","status":"publish","type":"page","link":"https:\/\/agnesperrais.com\/?page_id=1104","title":{"rendered":"Floresta"},"content":{"rendered":"\n<p class=\"has-small-font-size\">En cours de r\u00e9alisation<br>Film &#8211; 16mmm &#8211; NB et couleur<br>Panoramiques perp\u00e9tuels dans une for\u00eat d&#8217;eucalyptus, travail de surimpressions au tirage contact et optique <\/p>\n\n\n<div class=\"pgc-sgb-cb wp-block-pgcsimplygalleryblock-justified \" data-gallery-id=\"1e884210\"><div class=\"sgb-preloader\" id=\"pr_1e884210\">\n\t<div class=\"sgb-square\" style=\"background:#d4d4d4\"><\/div>\n\t<div class=\"sgb-square\" style=\"background:#d4d4d4\"><\/div>\n\t<div class=\"sgb-square\" style=\"background:#d4d4d4\"><\/div>\n\t<div class=\"sgb-square\" style=\"background:#d4d4d4\"><\/div><\/div><div class=\"simply-gallery-amp pgc_sgb_slider \" style=\"display: none;\"><div class=\"sgb-gallery\"><div class=\"sgb-item\"><a href=\"https:\/\/agnesperrais.com\/?attachment_id=1113\" target=\"_blank\"><img decoding=\"async\" alt=\"\" width=\"300\" height=\"225\" loading=\"lazy\" src=\"http:\/\/agnesperrais.com\/wp-content\/uploads\/2025\/01\/Floresta.00_01_08_19.Still003-copy-300x225.jpg\" srcset=\"http:\/\/agnesperrais.com\/wp-content\/uploads\/2025\/01\/Floresta.00_01_08_19.Still003-copy-300x225.jpg 300w,http:\/\/agnesperrais.com\/wp-content\/uploads\/2025\/01\/Floresta.00_01_08_19.Still003-copy-1024x767.jpg 660w,http:\/\/agnesperrais.com\/wp-content\/uploads\/2025\/01\/Floresta.00_01_08_19.Still003-copy.jpg 1384w\" sizes=\"auto, 250px\"\/><\/a><\/div><div class=\"sgb-item\"><a href=\"https:\/\/agnesperrais.com\/?attachment_id=1114\" target=\"_blank\"><img decoding=\"async\" alt=\"\" width=\"300\" height=\"225\" loading=\"lazy\" src=\"http:\/\/agnesperrais.com\/wp-content\/uploads\/2025\/01\/Floresta.00_00_53_12.Still004-copy-300x225.jpg\" srcset=\"http:\/\/agnesperrais.com\/wp-content\/uploads\/2025\/01\/Floresta.00_00_53_12.Still004-copy-300x225.jpg 300w,http:\/\/agnesperrais.com\/wp-content\/uploads\/2025\/01\/Floresta.00_00_53_12.Still004-copy-1024x767.jpg 660w,http:\/\/agnesperrais.com\/wp-content\/uploads\/2025\/01\/Floresta.00_00_53_12.Still004-copy.jpg 1384w\" sizes=\"auto, 250px\"\/><\/a><\/div><div class=\"sgb-item\"><a href=\"https:\/\/agnesperrais.com\/?attachment_id=1115\" target=\"_blank\"><img decoding=\"async\" alt=\"\" width=\"300\" height=\"225\" loading=\"lazy\" src=\"http:\/\/agnesperrais.com\/wp-content\/uploads\/2025\/01\/Floresta.00_00_07_08.Still005-copy-300x225.jpg\" srcset=\"http:\/\/agnesperrais.com\/wp-content\/uploads\/2025\/01\/Floresta.00_00_07_08.Still005-copy-300x225.jpg 300w,http:\/\/agnesperrais.com\/wp-content\/uploads\/2025\/01\/Floresta.00_00_07_08.Still005-copy-1024x767.jpg 660w,http:\/\/agnesperrais.com\/wp-content\/uploads\/2025\/01\/Floresta.00_00_07_08.Still005-copy.jpg 1384w\" sizes=\"auto, 250px\"\/><\/a><\/div><div class=\"sgb-item\"><a href=\"https:\/\/agnesperrais.com\/?attachment_id=1116\" target=\"_blank\"><img decoding=\"async\" alt=\"\" width=\"300\" height=\"225\" loading=\"lazy\" src=\"http:\/\/agnesperrais.com\/wp-content\/uploads\/2025\/01\/Floresta.00_02_41_18.Still006-copy-300x225.jpg\" srcset=\"http:\/\/agnesperrais.com\/wp-content\/uploads\/2025\/01\/Floresta.00_02_41_18.Still006-copy-300x225.jpg 300w,http:\/\/agnesperrais.com\/wp-content\/uploads\/2025\/01\/Floresta.00_02_41_18.Still006-copy-1024x767.jpg 660w,http:\/\/agnesperrais.com\/wp-content\/uploads\/2025\/01\/Floresta.00_02_41_18.Still006-copy.jpg 1384w\" sizes=\"auto, 250px\"\/><\/a><\/div><\/div><\/div><script type=\"application\/json\" class=\"sgb-data\">{\"lastRowFill\":true,\"thumbSpacing\":12,\"externalLink\":false,\"captions\":false,\"collectionThumbSubMenuDownload\":false,\"collectionThumbSubMenuShare\":false,\"galleryType\":\"pgc_sgb_justified\",\"galleryId\":\"1e884210\",\"images\":[{\"id\":1113,\"title\":\"Floresta.00_01_08_19.Still003 copy\",\"url\":\"http:\/\/agnesperrais.com\/wp-content\/uploads\/2025\/01\/Floresta.00_01_08_19.Still003-copy.jpg\",\"link\":\"https:\/\/agnesperrais.com\/?attachment_id=1113\",\"alt\":\"\",\"description\":\"\",\"caption\":\"\",\"mime\":\"image\/jpeg\",\"type\":\"image\",\"width\":1384,\"height\":1036,\"sizes\":{\"thumbnail\":{\"height\":150,\"width\":150,\"url\":\"http:\/\/agnesperrais.com\/wp-content\/uploads\/2025\/01\/Floresta.00_01_08_19.Still003-copy-150x150.jpg\",\"orientation\":\"landscape\"},\"medium\":{\"height\":225,\"width\":300,\"url\":\"http:\/\/agnesperrais.com\/wp-content\/uploads\/2025\/01\/Floresta.00_01_08_19.Still003-copy-300x225.jpg\",\"orientation\":\"landscape\"},\"large\":{\"height\":494,\"width\":660,\"url\":\"http:\/\/agnesperrais.com\/wp-content\/uploads\/2025\/01\/Floresta.00_01_08_19.Still003-copy-1024x767.jpg\",\"orientation\":\"landscape\"},\"full\":{\"url\":\"http:\/\/agnesperrais.com\/wp-content\/uploads\/2025\/01\/Floresta.00_01_08_19.Still003-copy.jpg\",\"height\":1036,\"width\":1384,\"orientation\":\"landscape\"}},\"meta\":false,\"postlink\":\"https:\/\/agnesperrais.com\/?attachment_id=1113\"},{\"id\":1114,\"title\":\"Floresta.00_00_53_12.Still004 copy\",\"url\":\"http:\/\/agnesperrais.com\/wp-content\/uploads\/2025\/01\/Floresta.00_00_53_12.Still004-copy.jpg\",\"link\":\"https:\/\/agnesperrais.com\/?attachment_id=1114\",\"alt\":\"\",\"description\":\"\",\"caption\":\"\",\"mime\":\"image\/jpeg\",\"type\":\"image\",\"width\":1384,\"height\":1036,\"sizes\":{\"thumbnail\":{\"height\":150,\"width\":150,\"url\":\"http:\/\/agnesperrais.com\/wp-content\/uploads\/2025\/01\/Floresta.00_00_53_12.Still004-copy-150x150.jpg\",\"orientation\":\"landscape\"},\"medium\":{\"height\":225,\"width\":300,\"url\":\"http:\/\/agnesperrais.com\/wp-content\/uploads\/2025\/01\/Floresta.00_00_53_12.Still004-copy-300x225.jpg\",\"orientation\":\"landscape\"},\"large\":{\"height\":494,\"width\":660,\"url\":\"http:\/\/agnesperrais.com\/wp-content\/uploads\/2025\/01\/Floresta.00_00_53_12.Still004-copy-1024x767.jpg\",\"orientation\":\"landscape\"},\"full\":{\"url\":\"http:\/\/agnesperrais.com\/wp-content\/uploads\/2025\/01\/Floresta.00_00_53_12.Still004-copy.jpg\",\"height\":1036,\"width\":1384,\"orientation\":\"landscape\"}},\"meta\":false,\"postlink\":\"https:\/\/agnesperrais.com\/?attachment_id=1114\"},{\"id\":1115,\"title\":\"Floresta.00_00_07_08.Still005 copy\",\"url\":\"http:\/\/agnesperrais.com\/wp-content\/uploads\/2025\/01\/Floresta.00_00_07_08.Still005-copy.jpg\",\"link\":\"https:\/\/agnesperrais.com\/?attachment_id=1115\",\"alt\":\"\",\"description\":\"\",\"caption\":\"\",\"mime\":\"image\/jpeg\",\"type\":\"image\",\"width\":1384,\"height\":1036,\"sizes\":{\"thumbnail\":{\"height\":150,\"width\":150,\"url\":\"http:\/\/agnesperrais.com\/wp-content\/uploads\/2025\/01\/Floresta.00_00_07_08.Still005-copy-150x150.jpg\",\"orientation\":\"landscape\"},\"medium\":{\"height\":225,\"width\":300,\"url\":\"http:\/\/agnesperrais.com\/wp-content\/uploads\/2025\/01\/Floresta.00_00_07_08.Still005-copy-300x225.jpg\",\"orientation\":\"landscape\"},\"large\":{\"height\":494,\"width\":660,\"url\":\"http:\/\/agnesperrais.com\/wp-content\/uploads\/2025\/01\/Floresta.00_00_07_08.Still005-copy-1024x767.jpg\",\"orientation\":\"landscape\"},\"full\":{\"url\":\"http:\/\/agnesperrais.com\/wp-content\/uploads\/2025\/01\/Floresta.00_00_07_08.Still005-copy.jpg\",\"height\":1036,\"width\":1384,\"orientation\":\"landscape\"}},\"meta\":false,\"postlink\":\"https:\/\/agnesperrais.com\/?attachment_id=1115\"},{\"id\":1116,\"title\":\"Floresta.00_02_41_18.Still006 copy\",\"url\":\"http:\/\/agnesperrais.com\/wp-content\/uploads\/2025\/01\/Floresta.00_02_41_18.Still006-copy.jpg\",\"link\":\"https:\/\/agnesperrais.com\/?attachment_id=1116\",\"alt\":\"\",\"description\":\"\",\"caption\":\"\",\"mime\":\"image\/jpeg\",\"type\":\"image\",\"width\":1384,\"height\":1036,\"sizes\":{\"thumbnail\":{\"height\":150,\"width\":150,\"url\":\"http:\/\/agnesperrais.com\/wp-content\/uploads\/2025\/01\/Floresta.00_02_41_18.Still006-copy-150x150.jpg\",\"orientation\":\"landscape\"},\"medium\":{\"height\":225,\"width\":300,\"url\":\"http:\/\/agnesperrais.com\/wp-content\/uploads\/2025\/01\/Floresta.00_02_41_18.Still006-copy-300x225.jpg\",\"orientation\":\"landscape\"},\"large\":{\"height\":494,\"width\":660,\"url\":\"http:\/\/agnesperrais.com\/wp-content\/uploads\/2025\/01\/Floresta.00_02_41_18.Still006-copy-1024x767.jpg\",\"orientation\":\"landscape\"},\"full\":{\"url\":\"http:\/\/agnesperrais.com\/wp-content\/uploads\/2025\/01\/Floresta.00_02_41_18.Still006-copy.jpg\",\"height\":1036,\"width\":1384,\"orientation\":\"landscape\"}},\"meta\":false,\"postlink\":\"https:\/\/agnesperrais.com\/?attachment_id=1116\"}],\"itemsMetaDataCollection\":[],\"lazyLoading\":false,\"contentNoPadding\":true,\"shareFacebook\":false,\"shareTwitter\":false,\"sharePinterest\":false,\"sliderItemDownload\":false,\"shareCopyLink\":false,\"sliderItemCounterEnable\":false,\"sliderThumbBarEnable\":false,\"sliderSlideshow\":false,\"sliderSocialShareEnabled\":false}<\/script><script>(function(){if(window.PGC_SGB && window.PGC_SGB.searcher){window.PGC_SGB.searcher.initBlocks()}})()<\/script><\/div>","protected":false},"excerpt":{"rendered":"<p>En cours de r\u00e9alisationFilm &#8211; 16mmm &#8211; NB et couleurPanoramiques perp\u00e9tuels dans une for\u00eat d&#8217;eucalyptus, travail de surimpressions au tirage contact et optique<\/p>\n","protected":false},"author":1,"featured_media":0,"parent":0,"menu_order":0,"comment_status":"closed","ping_status":"closed","template":"","meta":{"pgc_sgb_lightbox_settings":"","footnotes":""},"class_list":["post-1104","page","type-page","status-publish","hentry"],"_links":{"self":[{"href":"https:\/\/agnesperrais.com\/index.php?rest_route=\/wp\/v2\/pages\/1104","targetHints":{"allow":["GET"]}}],"collection":[{"href":"https:\/\/agnesperrais.com\/index.php?rest_route=\/wp\/v2\/pages"}],"about":[{"href":"https:\/\/agnesperrais.com\/index.php?rest_route=\/wp\/v2\/types\/page"}],"author":[{"embeddable":true,"href":"https:\/\/agnesperrais.com\/index.php?rest_route=\/wp\/v2\/users\/1"}],"replies":[{"embeddable":true,"href":"https:\/\/agnesperrais.com\/index.php?rest_route=%2Fwp%2Fv2%2Fcomments&post=1104"}],"version-history":[{"count":4,"href":"https:\/\/agnesperrais.com\/index.php?rest_route=\/wp\/v2\/pages\/1104\/revisions"}],"predecessor-version":[{"id":1191,"href":"https:\/\/agnesperrais.com\/index.php?rest_route=\/wp\/v2\/pages\/1104\/revisions\/1191"}],"wp:attachment":[{"href":"https:\/\/agnesperrais.com\/index.php?rest_route=%2Fwp%2Fv2%2Fmedia&parent=1104"}],"curies":[{"name":"wp","href":"https:\/\/api.w.org\/{rel}","templated":true}]}}