{"id":142,"date":"2023-02-04T13:10:20","date_gmt":"2023-02-04T13:10:20","guid":{"rendered":"https:\/\/agnesperrais.com\/?page_id=142"},"modified":"2026-03-31T13:36:13","modified_gmt":"2026-03-31T13:36:13","slug":"pedagogie","status":"publish","type":"page","link":"https:\/\/agnesperrais.com\/?page_id=142","title":{"rendered":"P\u00e9dagogie"},"content":{"rendered":"\n<p class=\"has-small-font-size\">Enseignement&nbsp;:<\/p>\n\n\n\n<p class=\"has-small-font-size\">&#8211; Universit\u00e9 de Picardie Jules Verne <a href=\"https:\/\/www.u-picardie.fr\/parcoursup\/arts-spectacle\/choisir-la-licence-arts-du-spectacle-420365.kjsp\">UPJV<\/a> (2025-&#8230;) : encadrement projets collectifs Licence 1 Arts du spectacle \/ Th\u00e9\u00e2tre du Safran<br>&#8211; \u00c9cole Normale Sup\u00e9rieure, Paris (2023-&#8230;) :<a href=\"https:\/\/arts.ens.psl.eu\/S1-Ateliers-2021-2022.html\" target=\"_blank\" rel=\"noreferrer noopener\"> Atelier de r\u00e9alisation documentaire<\/a><br>&#8211; Universit\u00e9 de Picardie Jules Verne <a href=\"https:\/\/www.u-picardie.fr\/parcoursup\/arts-spectacle\/choisir-la-licence-arts-du-spectacle-420365.kjsp\">UPJV<\/a> (2021-2024) : Atelier de cin\u00e9ma exp\u00e9rimental, Licence 3 \u00c9tudes cin\u00e9matographiques<br>&#8211; <a href=\"https:\/\/www.emi.coop\/\">\u00c9cole des m\u00e9tiers de l&#8217;information<\/a> Emi (2023) : Formation professionnelle sur le documentaire de cr\u00e9ation, accompagnement \u00e0 l&#8217;\u00e9criture de projets documentaires<br>&#8211; Universit\u00e9 de Lorraine, <a href=\"https:\/\/ieca.univ-lorraine.fr\/\">IECA <\/a>Nancy (2017) : TD &#8220;Le cin\u00e9ma de po\u00e9sie&#8221;, Master 1 \u00c9tudes cin\u00e9matographiques<\/p>\n\n\n\n<p class=\"has-small-font-size\">Ateliers cin\u00e9ma adultes\u00a0:<br><br>&#8211; Ateliers de tournage et d\u00e9veloppement argentique Super 8 et 16mm, <a href=\"https:\/\/etna-cinema.net\/?page_id=50\">L\u2019ETNA<\/a> (2017-\u2026)<br>&#8211; Atelier d\u2019intervention sur pellicule, avec Noah Teichner, dans le cadre de la journ\u00e9e d\u2019\u00e9tude <a href=\"https:\/\/galeriemicheljourniac.com\/233534-2\/\">Chor\u00e9graphies du genre<\/a> \/ Le cin\u00e9ma corporel de Maria Klonaris et Katerina Thomadaki, Universit\u00e9 Paris I \/ Galerie Michel Journiac 27 janvier 2022<br>&#8211; Ateliers de r\u00e9alisation au sein de l\u2019association <a href=\"https:\/\/www.facebook.com\/lesyeuxdelouie\/?locale=fr_FR\">LES YEUX DE L\u2019OU\u00cfE<\/a> (2018-2021) : stages adultes dans diverses structures (milieu ouvert, centre d\u2019h\u00e9bergement Emma\u00fcs Pereire, Palais de la femme\u2026)<\/p>\n\n\n\n<p class=\"has-small-font-size\">Ateliers cin\u00e9ma jeune public&nbsp;:<\/p>\n\n\n\n<p class=\"has-small-font-size\">&#8211; Atelier en partenariat avec le lyc\u00e9e Suger (Saint-Denis), et avec L&#8217;Etna, avec des lyc\u00e9ens &#8211; tournage, d\u00e9veloppement, intervention sur pellicule et projection Super 8,  janvier 2026<br>&#8211; Atelier tournage\/d\u00e9veloppement aux plantes\/ tirage \u00e0 plat en 16mm (11-15 ans), avec <a href=\"https:\/\/www.l-abominable.org\/\" target=\"_blank\" rel=\"noreferrer noopener\">L&#8217;Abominable-Navire Argo,<\/a> avec des adolescents usagers de l&#8217;Espace Josephine Baker d&#8217;Epinay-sur-Seine, novembre 2025<br>&#8211; Atelier r\u00e9alisation en super 8 (12-17 ans), avec <a href=\"https:\/\/www.l-abominable.org\/\" target=\"_blank\" rel=\"noreferrer noopener\">L&#8217;Abominable-Navire Argo,<\/a> avec des adolescents usagers de l&#8217;Espace jeunesse d&#8217;Epinay-sur-Seine, novemnbre 2024<br>&#8211; Atelier cin\u00e9ma d\u2019animation (4-10 ans) avec Benoit Delbove, Association <a href=\"https:\/\/www.loiseaualunettes.com\/\">L&#8217;oiseau \u00e0 lunettes<\/a>, octobre 2021<br>&#8211; Intervenante ext\u00e9rieure sur l&#8217;atelier hors temps scolaire &#8220;<a href=\"https:\/\/www.cinematheque.fr\/intervention\/2083.html\">L&#8217;extraordinaire voyage au Mus\u00e9e du cin\u00e9ma<\/a>&#8221; (9-12 ans), trois jours, CIN\u00c9MATH\u00c8QUE FRAN\u00c7AISE, f\u00e9vrier 2020<\/p>\n\n\n\n<p class=\"has-small-font-size\"><br><\/p>\n\n\n\n<figure class=\"wp-block-gallery has-nested-images columns-default is-cropped wp-block-gallery-1 is-layout-flex wp-block-gallery-is-layout-flex\">\n<figure class=\"wp-block-image size-large\"><img decoding=\"async\" width=\"1024\" height=\"732\" data-id=\"446\" src=\"https:\/\/agnesperrais.com\/wp-content\/uploads\/2023\/02\/IMG_0321-1024x732.jpg\" alt=\"\" class=\"wp-image-446\" srcset=\"https:\/\/agnesperrais.com\/wp-content\/uploads\/2023\/02\/IMG_0321-1024x732.jpg 1024w, https:\/\/agnesperrais.com\/wp-content\/uploads\/2023\/02\/IMG_0321-300x215.jpg 300w, https:\/\/agnesperrais.com\/wp-content\/uploads\/2023\/02\/IMG_0321-768x549.jpg 768w, https:\/\/agnesperrais.com\/wp-content\/uploads\/2023\/02\/IMG_0321-1536x1098.jpg 1536w, https:\/\/agnesperrais.com\/wp-content\/uploads\/2023\/02\/IMG_0321.jpg 1674w\" sizes=\"(max-width: 1024px) 100vw, 1024px\" \/><\/figure>\n\n\n\n<figure class=\"wp-block-image size-large\"><img decoding=\"async\" width=\"1024\" height=\"768\" data-id=\"445\" src=\"https:\/\/agnesperrais.com\/wp-content\/uploads\/2023\/02\/IMG_0327-1024x768.jpg\" alt=\"\" class=\"wp-image-445\" srcset=\"https:\/\/agnesperrais.com\/wp-content\/uploads\/2023\/02\/IMG_0327-1024x768.jpg 1024w, https:\/\/agnesperrais.com\/wp-content\/uploads\/2023\/02\/IMG_0327-300x225.jpg 300w, https:\/\/agnesperrais.com\/wp-content\/uploads\/2023\/02\/IMG_0327-768x576.jpg 768w, https:\/\/agnesperrais.com\/wp-content\/uploads\/2023\/02\/IMG_0327-1536x1152.jpg 1536w, https:\/\/agnesperrais.com\/wp-content\/uploads\/2023\/02\/IMG_0327.jpg 2016w\" sizes=\"(max-width: 1024px) 100vw, 1024px\" \/><\/figure>\n<\/figure>\n","protected":false},"excerpt":{"rendered":"<p>Enseignement&nbsp;: &#8211; Universit\u00e9 de Picardie Jules Verne UPJV (2025-&#8230;) : encadrement projets collectifs Licence 1 Arts du spectacle \/ Th\u00e9\u00e2tre du Safran&#8211; \u00c9cole Normale Sup\u00e9rieure, Paris (2023-&#8230;) : Atelier de r\u00e9alisation documentaire&#8211; Universit\u00e9 de Picardie Jules Verne UPJV (2021-2024) : Atelier de cin\u00e9ma exp\u00e9rimental, Licence 3 \u00c9tudes cin\u00e9matographiques&#8211; \u00c9cole des m\u00e9tiers de l&#8217;information Emi (2023) &hellip; <a href=\"https:\/\/agnesperrais.com\/?page_id=142\" class=\"more-link\">Continue reading <span class=\"screen-reader-text\">P\u00e9dagogie<\/span><\/a><\/p>\n","protected":false},"author":1,"featured_media":0,"parent":0,"menu_order":5,"comment_status":"closed","ping_status":"closed","template":"","meta":{"pgc_sgb_lightbox_settings":"","footnotes":""},"class_list":["post-142","page","type-page","status-publish","hentry"],"_links":{"self":[{"href":"https:\/\/agnesperrais.com\/index.php?rest_route=\/wp\/v2\/pages\/142","targetHints":{"allow":["GET"]}}],"collection":[{"href":"https:\/\/agnesperrais.com\/index.php?rest_route=\/wp\/v2\/pages"}],"about":[{"href":"https:\/\/agnesperrais.com\/index.php?rest_route=\/wp\/v2\/types\/page"}],"author":[{"embeddable":true,"href":"https:\/\/agnesperrais.com\/index.php?rest_route=\/wp\/v2\/users\/1"}],"replies":[{"embeddable":true,"href":"https:\/\/agnesperrais.com\/index.php?rest_route=%2Fwp%2Fv2%2Fcomments&post=142"}],"version-history":[{"count":28,"href":"https:\/\/agnesperrais.com\/index.php?rest_route=\/wp\/v2\/pages\/142\/revisions"}],"predecessor-version":[{"id":1276,"href":"https:\/\/agnesperrais.com\/index.php?rest_route=\/wp\/v2\/pages\/142\/revisions\/1276"}],"wp:attachment":[{"href":"https:\/\/agnesperrais.com\/index.php?rest_route=%2Fwp%2Fv2%2Fmedia&parent=142"}],"curies":[{"name":"wp","href":"https:\/\/api.w.org\/{rel}","templated":true}]}}

Pédagogie

<p class="has-small-font-size">Enseignement&nbsp;:</p>



<p class="has-small-font-size">&#8211; Université de Picardie Jules Verne <a href="https://www.u-picardie.fr/parcoursup/arts-spectacle/choisir-la-licence-arts-du-spectacle-420365.kjsp">UPJV</a> (2025-&#8230;) : encadrement projets collectifs Licence 1 Arts du spectacle / Théâtre du Safran<br>&#8211; École Normale Supérieure, Paris (2023-&#8230;) :<a href="https://arts.ens.psl.eu/S1-Ateliers-2021-2022.html" target="_blank" rel="noreferrer noopener"> Atelier de réalisation documentaire</a><br>&#8211; Université de Picardie Jules Verne <a href="https://www.u-picardie.fr/parcoursup/arts-spectacle/choisir-la-licence-arts-du-spectacle-420365.kjsp">UPJV</a> (2021-2024) : Atelier de cinéma expérimental, Licence 3 Études cinématographiques<br>&#8211; <a href="https://www.emi.coop/">École des métiers de l&#8217;information</a> Emi (2023) : Formation professionnelle sur le documentaire de création, accompagnement à l&#8217;écriture de projets documentaires<br>&#8211; Université de Lorraine, <a href="https://ieca.univ-lorraine.fr/">IECA </a>Nancy (2017) : TD &#8220;Le cinéma de poésie&#8221;, Master 1 Études cinématographiques</p>



<p class="has-small-font-size">Ateliers cinéma adultes :<br><br>&#8211; Ateliers de tournage et développement argentique Super 8 et 16mm, <a href="https://etna-cinema.net/?page_id=50">L’ETNA</a> (2017-…)<br>&#8211; Atelier d’intervention sur pellicule, avec Noah Teichner, dans le cadre de la journée d’étude <a href="https://galeriemicheljourniac.com/233534-2/">Chorégraphies du genre</a> / Le cinéma corporel de Maria Klonaris et Katerina Thomadaki, Université Paris I / Galerie Michel Journiac 27 janvier 2022<br>&#8211; Ateliers de réalisation au sein de l’association <a href="https://www.facebook.com/lesyeuxdelouie/?locale=fr_FR">LES YEUX DE L’OUÏE</a> (2018-2021) : stages adultes dans diverses structures (milieu ouvert, centre d’hébergement Emmaüs Pereire, Palais de la femme…)</p>



<p class="has-small-font-size">Ateliers cinéma jeune public&nbsp;:</p>



<p class="has-small-font-size">&#8211; Atelier en partenariat avec le lycée Suger (Saint-Denis), et avec L&#8217;Etna, avec des lycéens &#8211; tournage, développement, intervention sur pellicule et projection Super 8,  janvier 2026<br>&#8211; Atelier tournage/développement aux plantes/ tirage à plat en 16mm (11-15 ans), avec <a href="https://www.l-abominable.org/" target="_blank" rel="noreferrer noopener">L&#8217;Abominable-Navire Argo,</a> avec des adolescents usagers de l&#8217;Espace Josephine Baker d&#8217;Epinay-sur-Seine, novembre 2025<br>&#8211; Atelier réalisation en super 8 (12-17 ans), avec <a href="https://www.l-abominable.org/" target="_blank" rel="noreferrer noopener">L&#8217;Abominable-Navire Argo,</a> avec des adolescents usagers de l&#8217;Espace jeunesse d&#8217;Epinay-sur-Seine, novemnbre 2024<br>&#8211; Atelier cinéma d’animation (4-10 ans) avec Benoit Delbove, Association <a href="https://www.loiseaualunettes.com/">L&#8217;oiseau à lunettes</a>, octobre 2021<br>&#8211; Intervenante extérieure sur l&#8217;atelier hors temps scolaire &#8220;<a href="https://www.cinematheque.fr/intervention/2083.html">L&#8217;extraordinaire voyage au Musée du cinéma</a>&#8221; (9-12 ans), trois jours, CINÉMATHÈQUE FRANÇAISE, février 2020</p>



<p class="has-small-font-size"><br></p>



<figure class="wp-block-gallery has-nested-images columns-default is-cropped wp-block-gallery-1 is-layout-flex wp-block-gallery-is-layout-flex">
<figure class="wp-block-image size-large"><img decoding="async" width="1024" height="732" data-id="446" src="https://agnesperrais.com/wp-content/uploads/2023/02/IMG_0321-1024x732.jpg" alt="" class="wp-image-446" srcset="https://agnesperrais.com/wp-content/uploads/2023/02/IMG_0321-1024x732.jpg 1024w, https://agnesperrais.com/wp-content/uploads/2023/02/IMG_0321-300x215.jpg 300w, https://agnesperrais.com/wp-content/uploads/2023/02/IMG_0321-768x549.jpg 768w, https://agnesperrais.com/wp-content/uploads/2023/02/IMG_0321-1536x1098.jpg 1536w, https://agnesperrais.com/wp-content/uploads/2023/02/IMG_0321.jpg 1674w" sizes="(max-width: 1024px) 100vw, 1024px" /></figure>



<figure class="wp-block-image size-large"><img decoding="async" width="1024" height="768" data-id="445" src="https://agnesperrais.com/wp-content/uploads/2023/02/IMG_0327-1024x768.jpg" alt="" class="wp-image-445" srcset="https://agnesperrais.com/wp-content/uploads/2023/02/IMG_0327-1024x768.jpg 1024w, https://agnesperrais.com/wp-content/uploads/2023/02/IMG_0327-300x225.jpg 300w, https://agnesperrais.com/wp-content/uploads/2023/02/IMG_0327-768x576.jpg 768w, https://agnesperrais.com/wp-content/uploads/2023/02/IMG_0327-1536x1152.jpg 1536w, https://agnesperrais.com/wp-content/uploads/2023/02/IMG_0327.jpg 2016w" sizes="(max-width: 1024px) 100vw, 1024px" /></figure>
</figure>

<p>Enseignement&nbsp;: &#8211; Université de Picardie Jules Verne UPJV (2025-&#8230;) : encadrement projets collectifs Licence 1 Arts du spectacle / Théâtre du Safran&#8211; École Normale Supérieure, Paris (2023-&#8230;) : Atelier de réalisation documentaire&#8211; Université de Picardie Jules Verne UPJV (2021-2024) : Atelier de cinéma expérimental, Licence 3 Études cinématographiques&#8211; École des métiers de l&#8217;information Emi (2023) &hellip; <a href="https://agnesperrais.com/?page_id=142" class="more-link">Continue reading <span class="screen-reader-text">Pédagogie</span></a></p>
