{"id":252,"date":"2023-02-04T16:27:07","date_gmt":"2023-02-04T16:27:07","guid":{"rendered":"https:\/\/agnesperrais.com\/?page_id=252"},"modified":"2025-11-05T12:35:54","modified_gmt":"2025-11-05T12:35:54","slug":"marin-miroir","status":"publish","type":"page","link":"https:\/\/agnesperrais.com\/?page_id=252","title":{"rendered":"Marin miroir"},"content":{"rendered":"\n<p class=\"has-small-font-size\">2021<br>Performance<br>Super 8, noir et blanc et couleur, 10 minutes<br>Projection argentique \u00e0 3 projecteurs super 8 sur 2 \u00e9crans, son num\u00e9rique<\/p>\n\n\n\n<p class=\"has-small-font-size\"><em>La mer, entre la rive et le large, une temp\u00eate, un refuge.<\/em><br>Le film existe en version num\u00e9rique sous forme fixe, mais est destin\u00e9 \u00e0 \u00eatre jou\u00e9 en direct en projection argentique, subissant alors des variations (changements de vitesse de projection, pauses, variations de synchronisation du son etc).<\/p>\n\n\n\n<p class=\"has-small-font-size\">Image, son, montage&nbsp;: Agn\u00e8s Perrais<br>Production&nbsp;: La surface de derni\u00e8re diffusion \/ L\u2019Etna<br><br>Projections : <br>Festival des Cin\u00e9mas Diff\u00e9rents et Exp\u00e9rimentaux de Paris, s\u00e9ance Borderlight, 17 octobre 2021<br>Hors-Sujet Festival, La Gare exp\u00e9rimentale, mai 2022 &#8211; Hors comp\u00e9tition<br>Assembl\u00e9e visuelle de l&#8217;Etna, juin 2022<br>Diffusion sur la plateforme en ligne T\u00ebnk, novembre 2022, disponible en VOD <a href=\"https:\/\/www.on-tenk.com\/fr\/documentaires\/les-films-de-la-poudriere\/marin-miroir\">ici<\/a><\/p>\n\n\n<div class=\"pgc-sgb-cb wp-block-pgcsimplygalleryblock-justified \" data-gallery-id=\"37811376\"><div class=\"sgb-preloader\" id=\"pr_37811376\">\n\t<div class=\"sgb-square\" style=\"background:#d4d4d4\"><\/div>\n\t<div class=\"sgb-square\" style=\"background:#d4d4d4\"><\/div>\n\t<div class=\"sgb-square\" style=\"background:#d4d4d4\"><\/div>\n\t<div class=\"sgb-square\" style=\"background:#d4d4d4\"><\/div><\/div><div class=\"simply-gallery-amp pgc_sgb_slider \" style=\"display: none;\"><div class=\"sgb-gallery\"><div class=\"sgb-item\"><a href=\"https:\/\/agnesperrais.com\/?attachment_id=62\" target=\"_blank\"><img decoding=\"async\" alt=\"\" width=\"300\" height=\"169\" loading=\"lazy\" src=\"http:\/\/agnesperrais.com\/wp-content\/uploads\/2023\/02\/Marin-miroir-4-300x169.jpg\" srcset=\"http:\/\/agnesperrais.com\/wp-content\/uploads\/2023\/02\/Marin-miroir-4-300x169.jpg 300w,http:\/\/agnesperrais.com\/wp-content\/uploads\/2023\/02\/Marin-miroir-4-1024x576.jpg 1024w,http:\/\/agnesperrais.com\/wp-content\/uploads\/2023\/02\/Marin-miroir-4.jpg 1920w\" sizes=\"auto, 250px\"\/><\/a><\/div><div class=\"sgb-item\"><a href=\"https:\/\/agnesperrais.com\/?attachment_id=60\" target=\"_blank\"><img decoding=\"async\" alt=\"\" width=\"300\" height=\"169\" loading=\"lazy\" src=\"http:\/\/agnesperrais.com\/wp-content\/uploads\/2023\/02\/Marin-Miroir-2-300x169.jpg\" srcset=\"http:\/\/agnesperrais.com\/wp-content\/uploads\/2023\/02\/Marin-Miroir-2-300x169.jpg 300w,http:\/\/agnesperrais.com\/wp-content\/uploads\/2023\/02\/Marin-Miroir-2-1024x576.jpg 1024w,http:\/\/agnesperrais.com\/wp-content\/uploads\/2023\/02\/Marin-Miroir-2.jpg 1920w\" sizes=\"auto, 250px\"\/><\/a><\/div><div class=\"sgb-item\"><a href=\"https:\/\/agnesperrais.com\/?attachment_id=64\" target=\"_blank\"><img decoding=\"async\" alt=\"\" width=\"300\" height=\"168\" loading=\"lazy\" src=\"http:\/\/agnesperrais.com\/wp-content\/uploads\/2023\/02\/Marin-miroir-coul.-300x168.png\" srcset=\"http:\/\/agnesperrais.com\/wp-content\/uploads\/2023\/02\/Marin-miroir-coul.-300x168.png 300w,http:\/\/agnesperrais.com\/wp-content\/uploads\/2023\/02\/Marin-miroir-coul.-1024x574.png 1024w,http:\/\/agnesperrais.com\/wp-content\/uploads\/2023\/02\/Marin-miroir-coul..png 1276w\" sizes=\"auto, 250px\"\/><\/a><\/div><\/div><\/div><script type=\"application\/json\" class=\"sgb-data\">{\"lastRowFill\":true,\"thumbSpacing\":9,\"collectionThumbSubMenuDownload\":false,\"collectionThumbSubMenuShare\":false,\"galleryType\":\"pgc_sgb_justified\",\"galleryId\":\"37811376\",\"images\":[{\"id\":62,\"title\":\"Marin miroir 4\",\"url\":\"http:\/\/agnesperrais.com\/wp-content\/uploads\/2023\/02\/Marin-miroir-4.jpg\",\"link\":\"https:\/\/agnesperrais.com\/?attachment_id=62\",\"alt\":\"\",\"description\":\"\",\"caption\":\"\",\"mime\":\"image\/jpeg\",\"type\":\"image\",\"width\":1920,\"height\":1080,\"sizes\":{\"thumbnail\":{\"height\":150,\"width\":150,\"url\":\"http:\/\/agnesperrais.com\/wp-content\/uploads\/2023\/02\/Marin-miroir-4-150x150.jpg\",\"orientation\":\"landscape\"},\"medium\":{\"height\":169,\"width\":300,\"url\":\"http:\/\/agnesperrais.com\/wp-content\/uploads\/2023\/02\/Marin-miroir-4-300x169.jpg\",\"orientation\":\"landscape\"},\"large\":{\"height\":576,\"width\":1024,\"url\":\"http:\/\/agnesperrais.com\/wp-content\/uploads\/2023\/02\/Marin-miroir-4-1024x576.jpg\",\"orientation\":\"landscape\"},\"full\":{\"url\":\"http:\/\/agnesperrais.com\/wp-content\/uploads\/2023\/02\/Marin-miroir-4.jpg\",\"height\":1080,\"width\":1920,\"orientation\":\"landscape\"}},\"imageMeta\":{\"aperture\":\"0\",\"credit\":\"\",\"camera\":\"\",\"caption\":\"\",\"created_timestamp\":\"0\",\"copyright\":\"\",\"focal_length\":\"0\",\"iso\":\"0\",\"shutter_speed\":\"0\",\"title\":\"\",\"orientation\":\"1\",\"keywords\":[]},\"meta\":false,\"postlink\":\"https:\/\/agnesperrais.com\/?attachment_id=62\"},{\"id\":60,\"title\":\"Marin Miroir 2\",\"url\":\"http:\/\/agnesperrais.com\/wp-content\/uploads\/2023\/02\/Marin-Miroir-2.jpg\",\"link\":\"https:\/\/agnesperrais.com\/?attachment_id=60\",\"alt\":\"\",\"description\":\"\",\"caption\":\"\",\"mime\":\"image\/jpeg\",\"type\":\"image\",\"width\":1920,\"height\":1080,\"sizes\":{\"thumbnail\":{\"height\":150,\"width\":150,\"url\":\"http:\/\/agnesperrais.com\/wp-content\/uploads\/2023\/02\/Marin-Miroir-2-150x150.jpg\",\"orientation\":\"landscape\"},\"medium\":{\"height\":169,\"width\":300,\"url\":\"http:\/\/agnesperrais.com\/wp-content\/uploads\/2023\/02\/Marin-Miroir-2-300x169.jpg\",\"orientation\":\"landscape\"},\"large\":{\"height\":576,\"width\":1024,\"url\":\"http:\/\/agnesperrais.com\/wp-content\/uploads\/2023\/02\/Marin-Miroir-2-1024x576.jpg\",\"orientation\":\"landscape\"},\"full\":{\"url\":\"http:\/\/agnesperrais.com\/wp-content\/uploads\/2023\/02\/Marin-Miroir-2.jpg\",\"height\":1080,\"width\":1920,\"orientation\":\"landscape\"}},\"imageMeta\":{\"aperture\":\"0\",\"credit\":\"\",\"camera\":\"\",\"caption\":\"\",\"created_timestamp\":\"0\",\"copyright\":\"\",\"focal_length\":\"0\",\"iso\":\"0\",\"shutter_speed\":\"0\",\"title\":\"\",\"orientation\":\"1\",\"keywords\":[]},\"meta\":false,\"postlink\":\"https:\/\/agnesperrais.com\/?attachment_id=60\"},{\"id\":64,\"title\":\"Marin miroir coul.\",\"url\":\"http:\/\/agnesperrais.com\/wp-content\/uploads\/2023\/02\/Marin-miroir-coul..png\",\"link\":\"https:\/\/agnesperrais.com\/?attachment_id=64\",\"alt\":\"\",\"description\":\"\",\"caption\":\"\",\"mime\":\"image\/png\",\"type\":\"image\",\"width\":1276,\"height\":715,\"sizes\":{\"thumbnail\":{\"height\":150,\"width\":150,\"url\":\"http:\/\/agnesperrais.com\/wp-content\/uploads\/2023\/02\/Marin-miroir-coul.-150x150.png\",\"orientation\":\"landscape\"},\"medium\":{\"height\":168,\"width\":300,\"url\":\"http:\/\/agnesperrais.com\/wp-content\/uploads\/2023\/02\/Marin-miroir-coul.-300x168.png\",\"orientation\":\"landscape\"},\"large\":{\"height\":574,\"width\":1024,\"url\":\"http:\/\/agnesperrais.com\/wp-content\/uploads\/2023\/02\/Marin-miroir-coul.-1024x574.png\",\"orientation\":\"landscape\"},\"full\":{\"url\":\"http:\/\/agnesperrais.com\/wp-content\/uploads\/2023\/02\/Marin-miroir-coul..png\",\"height\":715,\"width\":1276,\"orientation\":\"landscape\"}},\"imageMeta\":{\"aperture\":\"0\",\"credit\":\"\",\"camera\":\"\",\"caption\":\"\",\"created_timestamp\":\"0\",\"copyright\":\"\",\"focal_length\":\"0\",\"iso\":\"0\",\"shutter_speed\":\"0\",\"title\":\"\",\"orientation\":\"0\",\"keywords\":[]},\"meta\":false,\"postlink\":\"https:\/\/agnesperrais.com\/?attachment_id=64\"}],\"contentNoPadding\":true,\"sliderThumbBarEnable\":false,\"sliderBgColor\":\"rgba(0,0,0,1)\",\"sliderSlideshow\":false,\"sliderSocialShareEnabled\":false,\"sliderFullscreenEnabled\":false,\"itemsMetaDataCollection\":[]}<\/script><script>(function(){if(window.PGC_SGB && window.PGC_SGB.searcher){window.PGC_SGB.searcher.initBlocks()}})()<\/script><\/div>\n\n\n<div style=\"height:16px\" aria-hidden=\"true\" class=\"wp-block-spacer\"><\/div>\n\n\n\n<figure class=\"wp-block-embed is-type-video is-provider-vimeo wp-block-embed-vimeo wp-embed-aspect-16-9 wp-has-aspect-ratio\"><div class=\"wp-block-embed__wrapper\">\n<iframe title=\"Marin miroir - Extrait\" src=\"https:\/\/player.vimeo.com\/video\/787664548?dnt=1&amp;app_id=122963\" width=\"660\" height=\"371\" frameborder=\"0\" allow=\"autoplay; fullscreen; picture-in-picture; clipboard-write; encrypted-media; web-share\" referrerpolicy=\"strict-origin-when-cross-origin\"><\/iframe>\n<\/div><\/figure>\n","protected":false},"excerpt":{"rendered":"<p>2021PerformanceSuper 8, noir et blanc et couleur, 10 minutesProjection argentique \u00e0 3 projecteurs super 8 sur 2 \u00e9crans, son num\u00e9rique La mer, entre la rive et le large, une temp\u00eate, un refuge.Le film existe en version num\u00e9rique sous forme fixe, mais est destin\u00e9 \u00e0 \u00eatre jou\u00e9 en direct en projection argentique, subissant alors des variations &hellip; <a href=\"https:\/\/agnesperrais.com\/?page_id=252\" class=\"more-link\">Continue reading <span class=\"screen-reader-text\">Marin miroir<\/span><\/a><\/p>\n","protected":false},"author":1,"featured_media":0,"parent":0,"menu_order":0,"comment_status":"closed","ping_status":"closed","template":"","meta":{"pgc_sgb_lightbox_settings":"","footnotes":""},"class_list":["post-252","page","type-page","status-publish","hentry"],"_links":{"self":[{"href":"https:\/\/agnesperrais.com\/index.php?rest_route=\/wp\/v2\/pages\/252","targetHints":{"allow":["GET"]}}],"collection":[{"href":"https:\/\/agnesperrais.com\/index.php?rest_route=\/wp\/v2\/pages"}],"about":[{"href":"https:\/\/agnesperrais.com\/index.php?rest_route=\/wp\/v2\/types\/page"}],"author":[{"embeddable":true,"href":"https:\/\/agnesperrais.com\/index.php?rest_route=\/wp\/v2\/users\/1"}],"replies":[{"embeddable":true,"href":"https:\/\/agnesperrais.com\/index.php?rest_route=%2Fwp%2Fv2%2Fcomments&post=252"}],"version-history":[{"count":17,"href":"https:\/\/agnesperrais.com\/index.php?rest_route=\/wp\/v2\/pages\/252\/revisions"}],"predecessor-version":[{"id":1256,"href":"https:\/\/agnesperrais.com\/index.php?rest_route=\/wp\/v2\/pages\/252\/revisions\/1256"}],"wp:attachment":[{"href":"https:\/\/agnesperrais.com\/index.php?rest_route=%2Fwp%2Fv2%2Fmedia&parent=252"}],"curies":[{"name":"wp","href":"https:\/\/api.w.org\/{rel}","templated":true}]}}