{"id":9,"date":"2023-02-02T09:30:49","date_gmt":"2023-02-02T09:30:49","guid":{"rendered":"https:\/\/agnesperrais.com\/?page_id=9"},"modified":"2026-03-31T13:41:32","modified_gmt":"2026-03-31T13:41:32","slug":"home-page","status":"publish","type":"page","link":"https:\/\/agnesperrais.com\/","title":{"rendered":"Actualit\u00e9s"},"content":{"rendered":"\n<p class=\"has-small-font-size\"><strong>Printemps 2026<\/strong><br><em>Terre rouge terre noire<\/em><br>Projection \u00e0<strong> La Clef<\/strong>, Paris, s\u00e9ance programm\u00e9e par L&#8217;Etna, <strong>15 avril 2026<\/strong><br><br><strong>Automne-Hiver 2025<\/strong><br><em>Terre rouge terre noire<\/em><br>Festival <strong>Antimatter,<\/strong> Victoria BC Canada, <strong>octobre<\/strong> <strong>2025<\/strong><br>Festival <strong>Bendita Tu<\/strong>, Madrid\/Buenos Aires, <strong>octobre<\/strong> <strong>2025<\/strong><br>Festival <strong>Analogica<\/strong>, Bolzano, Italie, <strong>novembre 2025<\/strong><br>Festival <strong>Harkat<\/strong> 16mm film festival, Mumbai, <strong>novembre 2025<\/strong><br>S\u00e9ance Plaisirs chromatiques, programm\u00e9e par Mire, <strong>Le Cin\u00e9matographe,<\/strong> Nantes, <strong>novembre 2025<\/strong><br>Festival <strong>Videoaktion<\/strong>, Berlin, Allemagne, <strong>d\u00e9cembre 2025<\/strong><br><br><em>Ciompi<\/em><br>Projection au Mus\u00e9e des Arts et traditions populaires, <strong>Champlitte<\/strong>, <strong>2 novembre 2025<\/strong><br><br><strong>\u00c9t\u00e9 2025<\/strong><br><em>Terre rouge terre noire<\/em><br>Festival <strong>Obskura, Rennes, 4 juillet 2025<\/strong><br>Sur l&#8217;oc\u00e9an des di\u00e8zes, rencontres \u00e0 <strong>Sainte-Foy-La Grande<\/strong>, <strong>juillet 2025<\/strong><br>Festival <strong>Celluloidra Revolverrel<\/strong>, <strong>Esztergom, Hongrie, ao\u00fbt 2025<\/strong><br><br><em>Ciompi<\/em><br>S\u00e9ances le mercredi <strong>9 juillet<\/strong> et samedi <strong>12 juillet<\/strong>, Cin\u00e9ma Les Studios, <strong>Tours<\/strong><\/p>\n\n\n\n<p class=\"has-small-font-size\"><strong>Printemps 2025<\/strong><br><em>Terre rouge terre noire<\/em><br>Festival <strong>Fracto, Berlin<\/strong>, mai 2025, <br><strong>Experimental Film Festival Process, Riga, Lettonie<\/strong>, mai 2025, <br><strong>London<\/strong> <strong>Experimental<\/strong>, <strong>UK,<\/strong> juin 2025<br>Projection le <strong>28 mai 2025<\/strong> dans le cadre de la conf\u00e9rence &#8220;Anachronismes<strong>&#8220;<\/strong> autour du laboratoire <a rel=\"noreferrer noopener\" href=\"https:\/\/www.l-abominable.org\/\" target=\"_blank\">L&#8217;Abominable,<\/a> \u00e0 l&#8217;Universit\u00e9 Paris 8 &#8211; <strong>Saint-Denis<\/strong> (93)<\/p>\n\n\n\n<p class=\"has-small-font-size\"><strong>Hiver 2025<\/strong><br><em>Ciompi<\/em><br>Projection le <strong>19 f\u00e9vrier 2025<\/strong> au cin\u00e9ma Les Studios \u00e0 <strong>Tours<\/strong><\/p>\n\n\n\n<p class=\"has-small-font-size\"><em>Terre rouge terre noire<\/em><br>Projection le <strong>6 f\u00e9vrier 2025<\/strong> dans le cadre d&#8217;une s\u00e9ance programm\u00e9e par Light Cone, Festival Regards satellites, Cin\u00e9ma L&#8217;Ecran, <strong>Saint-Denis<\/strong><\/p>\n\n\n\n<figure class=\"wp-block-gallery has-nested-images columns-default is-cropped wp-block-gallery-1 is-layout-flex wp-block-gallery-is-layout-flex\">\n<figure class=\"wp-block-image size-large\"><img decoding=\"async\" width=\"1024\" height=\"729\" data-id=\"1010\" src=\"https:\/\/agnesperrais.com\/wp-content\/uploads\/2024\/09\/Dunes-mer-PV-1-1024x729.jpeg\" alt=\"\" class=\"wp-image-1010\" srcset=\"https:\/\/agnesperrais.com\/wp-content\/uploads\/2024\/09\/Dunes-mer-PV-1-1024x729.jpeg 1024w, https:\/\/agnesperrais.com\/wp-content\/uploads\/2024\/09\/Dunes-mer-PV-1-300x214.jpeg 300w, https:\/\/agnesperrais.com\/wp-content\/uploads\/2024\/09\/Dunes-mer-PV-1-768x547.jpeg 768w, https:\/\/agnesperrais.com\/wp-content\/uploads\/2024\/09\/Dunes-mer-PV-1.jpeg 1469w\" sizes=\"(max-width: 1024px) 100vw, 1024px\" \/><\/figure>\n\n\n\n<figure class=\"wp-block-image size-large\"><img decoding=\"async\" width=\"1024\" height=\"768\" data-id=\"1012\" src=\"https:\/\/agnesperrais.com\/wp-content\/uploads\/2024\/09\/Terre-rouge-terre-noire-1024x768.jpg\" alt=\"\" class=\"wp-image-1012\" srcset=\"https:\/\/agnesperrais.com\/wp-content\/uploads\/2024\/09\/Terre-rouge-terre-noire-1024x768.jpg 1024w, https:\/\/agnesperrais.com\/wp-content\/uploads\/2024\/09\/Terre-rouge-terre-noire-300x225.jpg 300w, https:\/\/agnesperrais.com\/wp-content\/uploads\/2024\/09\/Terre-rouge-terre-noire-768x576.jpg 768w, https:\/\/agnesperrais.com\/wp-content\/uploads\/2024\/09\/Terre-rouge-terre-noire.jpg 1440w\" sizes=\"(max-width: 1024px) 100vw, 1024px\" \/><\/figure>\n<\/figure>\n\n\n\n<p class=\"has-small-font-size\"><br><strong>Automne 2024<\/strong><br><em>Ciompi <\/em><br>gagne le prix du meilleur long-m\u00e9trage au festival <strong>Flight<\/strong> Mostra internazionale del cinema di Genova, Italie !<br>Prochaines projections en France : <br>le samedi <strong>9 novembre<\/strong> <strong>2024<\/strong>, \u00e0 la m\u00e9diath\u00e8que de <strong>Rodez,<\/strong> dans le cadre du Mois du film documentaire (s\u00e9ance pr\u00e9sent\u00e9e par Federico Rossin), <br>le <strong>3 d\u00e9cembre 2024<\/strong>, \u00e0 <strong>Lyon<\/strong> \u00e0 l&#8217;Op\u00e9ra Underground <br><br><em>Terre rouge terre noire<\/em> <br>fait sa premi\u00e8re au festival <strong>Crossroads<\/strong>, \u00e0 la Cin\u00e9math\u00e8que de <strong>San Francisco<\/strong>. Projection le <strong>1er septembre 2024<\/strong><br>Projection \u00e0 la m\u00e9diath\u00e8que de <strong>N\u00eemes<\/strong> dans le cadre du mois du film documentaire le <strong>9 novembre 2024<\/strong><br>Projection au festival du film europ\u00e9en <strong>Houlgate<\/strong>, <strong>19-22 octobre 2024<\/strong><br><br><em>Herbier miraginaire<\/em><br>Exposition de rayogrammes, tirage argentique et projection de &#8220;Lierre&#8221;, \u00e0 la galerie <strong><a href=\"https:\/\/www.kunstverein-neukoelln.de\/ausstellung\/aktuell\/\">Kunstverein Neuk\u00f6lln,<\/a> Berlin<\/strong>,<strong> 27 septembre &#8211; 2 novembre 2024<\/strong><br>Nouvelle performance avec Ad\u00e8le Rosenfeld et Julien Pluchard, \u00e0 la <strong>m\u00e9diath\u00e8que de la Canop\u00e9e, Paris, le 21 septembre 2024<\/strong> et \u00e0 la <strong>m\u00e9diath\u00e8que<\/strong> <strong>H\u00e9l\u00e8ne Berr<\/strong>, Paris XII, le <strong>7 d\u00e9cembre 2024<\/strong><\/p>\n\n\n\n<p class=\"has-small-font-size\"><br><strong>Printemps 2024<\/strong><br>Prochaines projections de <em>Ciompi<\/em> :<br>le <strong>16 f\u00e9vrier<\/strong> au Festival Filmer le travail \u00e0 <strong>Poitiers<\/strong><br>le <strong>3 mars<\/strong> \u00e0 16h \u00e0 la Parole Errante, <strong>Montreuil<\/strong>, dans le cadre du week-end de soutien aux collectifs Synaps et Cin\u00e9ma Voyageur<br>en <strong>mars<\/strong> au Thessaloniki Documentary Festival, <strong>Gr\u00e8ce<\/strong><br>en <strong>avri<\/strong>l au One world Romania Festival, Bucarest, <strong>Roumanie<\/strong><br>en <strong>mai<\/strong> \u00e0 la Semaine asym\u00e9trique, <strong>Marseille<\/strong><\/p>\n\n\n\n<p class=\"has-small-font-size\">Parution de <em>Herbier miraginaire<\/em>, Ad\u00e8le Rosenfeld (texte) et Agn\u00e8s Perrais (images), \u00c9ditions du D\u00e9 Rouge<br>Stand et lectures\/performances au <strong>Salon du livre de po\u00e9sie, La Parole Errante<\/strong>, <strong>18 mai 2024<\/strong><br>Soir\u00e9es de pr\u00e9sentation (lecture et performance visuelle) le <strong>13 novembre 2023 19h \u00e0 la librairie EXC<\/strong> (Paris 3) et le <strong>6 d\u00e9cembre 2023 \u00e0 20h \u00e0 la librairie A Balzac \u00e0 Rodin <\/strong>(Paris 6).<\/p>\n\n\n\n<figure class=\"wp-block-image size-large is-resized\"><img decoding=\"async\" width=\"1024\" height=\"1024\" src=\"https:\/\/agnesperrais.com\/wp-content\/uploads\/2023\/11\/2023-10-24-herbier-cover-DIGITAL2-1024x1024.jpg\" alt=\"\" class=\"wp-image-900\" style=\"width:272px;height:272px\" srcset=\"https:\/\/agnesperrais.com\/wp-content\/uploads\/2023\/11\/2023-10-24-herbier-cover-DIGITAL2-1024x1024.jpg 1024w, https:\/\/agnesperrais.com\/wp-content\/uploads\/2023\/11\/2023-10-24-herbier-cover-DIGITAL2-300x300.jpg 300w, https:\/\/agnesperrais.com\/wp-content\/uploads\/2023\/11\/2023-10-24-herbier-cover-DIGITAL2-150x150.jpg 150w, https:\/\/agnesperrais.com\/wp-content\/uploads\/2023\/11\/2023-10-24-herbier-cover-DIGITAL2-768x768.jpg 768w, https:\/\/agnesperrais.com\/wp-content\/uploads\/2023\/11\/2023-10-24-herbier-cover-DIGITAL2-1536x1536.jpg 1536w, https:\/\/agnesperrais.com\/wp-content\/uploads\/2023\/11\/2023-10-24-herbier-cover-DIGITAL2-2048x2048.jpg 2048w\" sizes=\"(max-width: 1024px) 100vw, 1024px\" \/><\/figure>\n\n\n\n<p class=\"has-small-font-size\"><br><strong>Hiver 2023-2024<\/strong><br>Prochaines projections de <em>Ciompi<\/em> : <br>le 11 janvier, \u00e0 20h, au Lieu Dit, <strong>Clermont-Ferrand<\/strong><br>le 13 janvier, \u00e0 15h, au Majestic Bastille, <strong>Paris<\/strong>, dans le cadre du festival <a href=\"https:\/\/evenements.mediapart.fr\/la-grande-revolte\">La Grande R\u00e9volte<\/a><br>le 18 novembre, \u00e0 20h30, au Festival Les \u00c9crans Documentaires, <strong>Arcueil<\/strong><br>le 18 et 21 novembre, au Batalha Centro de Cinema, <strong>Porto, Portugal<\/strong>, en comp\u00e9tition au Festival Porto\/Post\/Doc<\/p>\n\n\n\n<figure class=\"wp-block-image size-large is-resized\"><img decoding=\"async\" width=\"1024\" height=\"536\" src=\"https:\/\/agnesperrais.com\/wp-content\/uploads\/2023\/09\/ciompi-FB-1024x536.jpg\" alt=\"\" class=\"wp-image-879\" style=\"width:647px;height:338px\" srcset=\"https:\/\/agnesperrais.com\/wp-content\/uploads\/2023\/09\/ciompi-FB-1024x536.jpg 1024w, https:\/\/agnesperrais.com\/wp-content\/uploads\/2023\/09\/ciompi-FB-300x157.jpg 300w, https:\/\/agnesperrais.com\/wp-content\/uploads\/2023\/09\/ciompi-FB-768x402.jpg 768w, https:\/\/agnesperrais.com\/wp-content\/uploads\/2023\/09\/ciompi-FB.jpg 1200w\" sizes=\"(max-width: 1024px) 100vw, 1024px\" \/><\/figure>\n","protected":false},"excerpt":{"rendered":"<p>Printemps 2026Terre rouge terre noireProjection \u00e0 La Clef, Paris, s\u00e9ance programm\u00e9e par L&#8217;Etna, 15 avril 2026 Automne-Hiver 2025Terre rouge terre noireFestival Antimatter, Victoria BC Canada, octobre 2025Festival Bendita Tu, Madrid\/Buenos Aires, octobre 2025Festival Analogica, Bolzano, Italie, novembre 2025Festival Harkat 16mm film festival, Mumbai, novembre 2025S\u00e9ance Plaisirs chromatiques, programm\u00e9e par Mire, Le Cin\u00e9matographe, Nantes, novembre 2025Festival &hellip; <a href=\"https:\/\/agnesperrais.com\/\" class=\"more-link\">Continue reading <span class=\"screen-reader-text\">Actualit\u00e9s<\/span><\/a><\/p>\n","protected":false},"author":1,"featured_media":0,"parent":0,"menu_order":0,"comment_status":"closed","ping_status":"closed","template":"","meta":{"pgc_sgb_lightbox_settings":"","footnotes":""},"class_list":["post-9","page","type-page","status-publish","hentry"],"_links":{"self":[{"href":"https:\/\/agnesperrais.com\/index.php?rest_route=\/wp\/v2\/pages\/9","targetHints":{"allow":["GET"]}}],"collection":[{"href":"https:\/\/agnesperrais.com\/index.php?rest_route=\/wp\/v2\/pages"}],"about":[{"href":"https:\/\/agnesperrais.com\/index.php?rest_route=\/wp\/v2\/types\/page"}],"author":[{"embeddable":true,"href":"https:\/\/agnesperrais.com\/index.php?rest_route=\/wp\/v2\/users\/1"}],"replies":[{"embeddable":true,"href":"https:\/\/agnesperrais.com\/index.php?rest_route=%2Fwp%2Fv2%2Fcomments&post=9"}],"version-history":[{"count":74,"href":"https:\/\/agnesperrais.com\/index.php?rest_route=\/wp\/v2\/pages\/9\/revisions"}],"predecessor-version":[{"id":1280,"href":"https:\/\/agnesperrais.com\/index.php?rest_route=\/wp\/v2\/pages\/9\/revisions\/1280"}],"wp:attachment":[{"href":"https:\/\/agnesperrais.com\/index.php?rest_route=%2Fwp%2Fv2%2Fmedia&parent=9"}],"curies":[{"name":"wp","href":"https:\/\/api.w.org\/{rel}","templated":true}]}}